the units digit of o?
5
Suppose 5*j - 3533 - 1142 = 0. What is the tens digit of j?
3
What is the hundreds digit of (1738/33 + -10)*15?
6
Let c = -21 + 11. Let k be (-16 - -3)*(-6 + 7). Let o = c - k. What is the units digit of o?
3
Suppose -5*t + 8*t - 1635 = 0. What is the hundreds digit of t?
5
Suppose -5*c + 20 = 0, -2*y - 4*c + 3152 = -3*c. What is the thousands digit of y?
1
Let r(g) = 5*g**3 - g**2. Let y be r(1). What is the units digit of 47/(0 - -1) - y?
3
Suppose -2*r = -2*l - 3*l + 19, -5*r = -5*l + 25. Suppose l*b - 7*b - 5*z + 370 = 0, -5*b = -4*z - 483. What is the tens digit of b?
9
Let c(w) = -3*w + 1 - 4 + 20*w + 2. Let j = -102 - -103. What is the units digit of c(j)?
6
Suppose 4*t - 183 = 29. Suppose 0 = 5*j - 3*b - 53, 4*j - t - 7 = -2*b. Let c = 13 + j. What is the tens digit of c?
2
Suppose -12 = 2*j - 10. What is the tens digit of (-1)/(-2)*-2 - (-171 + j)?
7
Suppose -2*i = -i + 3*q + 2, -5*i = 4*q - 34. Suppose i*a - 88 = 14*a. What is the units digit of (-2)/11 + (-136)/a?
6
Let c = 926 + -411. Suppose j + c = 5*p, 0*p = p + 5*j - 103. What is the hundreds digit of p?
1
Suppose -2400 = -5*o + 3*l + 207, 5*l = 2*o - 1039. What is the units digit of o?
2
Let j = -24 + 25. What is the hundreds digit of (-2506)/(-21) + j/(-3)?
1
Let v = 1566 + -184. What is the units digit of v?
2
Let f(l) = l**2 - 6*l + 2. Let p be f(5). Let b be 3 + p - 6/2. Let c = b - -18. What is the tens digit of c?
1
Let q be 2 - (3 - 4 - 3). Let u(r) = -3*r - 2*r + r - r + q. What is the units digit of u(-5)?
1
Suppose -17*r + 6505 = -3066. What is the tens digit of r?
6
Suppose 0 = 5*r - 3*f + 65, 5*r + 27 + 38 = -5*f. Let i = 10 + r. Let v(g) = g**3 + 5*g**2 + 5*g + 4. What is the units digit of v(i)?
7
Suppose -1070*g = -1081*g + 24475. What is the units digit of g?
5
Suppose g - x + 0*x = 27, 2*x = -4*g + 84. Suppose -2*n = 4*f - 2, 0*n + 3*f = 2*n - g. Suppose 3*c - 26 = n. What is the units digit of c?
1
Let z(r) = 2*r**2 + 3*r + 5. Let o be z(-2). Let x = -3 + o. What is the units digit of x?
4
What is the thousands digit of 12948/8 + 11/22?
1
Suppose 0*n = 3*r - 2*n - 560, 0 = 4*r + 5*n - 785. What is the hundreds digit of r?
1
Suppose -4*y + 2*v = -28, -v = 2 + 2. Suppose 0*q + 70 = y*q. Suppose 108 = -12*h + q*h. What is the units digit of h?
4
Suppose -14*y + 9*y + 15 = 0. Suppose -y*c = -4*j - j - 354, c = 2*j + 118. What is the units digit of c?
8
Let o be (3/(-2))/((-15)/340). Suppose -o = g - 2*g. What is the tens digit of g?
3
Suppose -25 + 9 = -2*f. What is the hundreds digit of ((-10)/3)/(f/(-276))?
1
Let c be (-2)/(2 + (-663)/330). Suppose 4*f - c = 4*t, f + 3*f + t = 225. What is the units digit of f?
6
Let b(t) = 3*t**3 + t**2 - 8*t + 7. Let a be b(5). Let r = a - 252. Suppose 5*k - r = -30. What is the units digit of k?
7
Let l(h) = -h**3 + h - 1. Let v(k) = 4*k**3 - 13*k**2 - 18*k - 5. Let y(j) = -5*l(j) - v(j). Let x be y(-12). What is the units digit of (-3 + -4)*x/2?
7
Suppose -3*m - 4680 = -5*w + m, 0 = 2*w + 3*m - 1895. Suppose 4*r + r - w = 0. What is the hundreds digit of r?
1
Suppose 336 = 18*d - 24*d. Suppose -k = k - 202. Let w = d + k. What is the units digit of w?
5
Let q be 0/(0 - 6/(-3)). Suppose 4*m + 21 - 141 = q. Suppose 5*w - m = 4*w. What is the units digit of w?
0
Let o(u) = 3*u + 18. Let m be o(-6). Let f(y) = y**3 + 2*y**2 + 2*y + 38. What is the tens digit of f(m)?
3
Let b(d) = d**3 - 14*d**2 + 10. Let n be b(14). What is the tens digit of ((-1 - 1)*n)/(-2)?
1
Suppose -17 = 7*l - 444. Let t = l - 7. What is the tens digit of t?
5
What is the thousands digit of 36*-1*18/48*-286?
3
Let k(x) = x**2 + x - 1. Let o be k(-4). Let f(l) = -2*l - l**2 + 3*l**2 + 9*l + 0*l - o. What is the units digit of f(-5)?
4
Let p(m) = -8*m**2 - 9*m - 8. Let c(b) = 9*b**2 + 8*b + 7. Let o(q) = 6*c(q) + 5*p(q). Let r be o(-2). Suppose 8*i = 4*i + r. What is the units digit of i?
3
Let z = 4 - 1. Suppose -5*k + 2*x = -74 - 214, 3*k - 148 = -5*x. Suppose k = z*m - m. What is the units digit of m?
8
Let j(k) be the second derivative of -k**4/12 + 4*k**3/3 - 5*k**2 - 6*k. Let q be j(5). Suppose 121 = q*w + r + r, 77 = 4*w - 5*r. What is the units digit of w?
3
Let h(k) be the first derivative of 4*k**2 - 1 + 0*k - 1/3*k**3. What is the tens digit of h(5)?
1
Let c be 21/(-5) - 4/(-20). What is the units digit of c*((-147)/6 + 4)?
2
Suppose 17*x - 81438 = -16583. What is the tens digit of x?
1
Let t(p) = -p**2 - p + 31. Suppose -4*k + n + 0*n = -19, 4*k = 5*n + 15. Suppose b = -u - 5, -3*u - k = -2*b + 3*b. What is the units digit of t(u)?
1
Suppose -4*r - 58 - 87 = -5*p, 4*p - 75 = -5*r. What is the units digit of p?
5
Suppose -4*w - 4 = 0, 4*f - 6*w - 20 = -2*w. Suppose -4*o + 5*y + 1028 = 0, -f*y + 2*y + 257 = o. What is the tens digit of o?
5
Let u be 0/(-2) + 18/2. Let v = 11 - u. Suppose 5*r = -v*r + 329. What is the tens digit of r?
4
Let p be 2/(-8) - (-25566)/24. Suppose 34*l - 39*l = -p. What is the tens digit of l?
1
Let v be (12/4 + -2)*243. Let n be (-3 - v/(-15))*5. Let k = n - 18. What is the units digit of k?
8
Let h(w) be the second derivative of w**4/6 + 2*w**3/3 + 3*w**2/2 - 2*w. Let z = -24 - -20. What is the tens digit of h(z)?
1
Let w be (-4)/6*(-3 + 6). Let s be (-11)/22 - 781/w. Suppose 0*c + 5*c - s = 0. What is the units digit of c?
8
Let d be (28/8 + -3)*0. Suppose -5*k + d*t + 140 = -2*t, 3*k - 68 = -2*t. What is the units digit of (-14)/(-91) - (-490)/k?
9
Suppose 2*d + 2 = 3*d. Suppose h - d*j - 106 = -h, 3*j - 6 = 0. What is the tens digit of h?
5
Suppose 0 = -c + 3*c + 174. What is the units digit of (c/(-4))/(-2 + (-38)/(-16))?
8
Suppose 1 = 5*z + 6, -2*z = 4*q - 474. Let a be 2/8 - q/(-68). Suppose -a*p + 5*u + 71 = -26, -5*p = -2*u - 190. What is the units digit of p?
6
Let f be ((-2)/(-3))/((-2)/6). Let v = -29 - f. Let w = v - -50. What is the units digit of w?
3
Suppose -2*g + 12 + 7 = -3*y, -15 = -2*g - y. Suppose 5*i - 3*n + g = -4*n, -3*n = -i + 8. What is the units digit of 4/(i*8/(-60))?
0
Let p(d) = 2*d - 23. Let i be p(13). Let h(r) = 5*r**3 - 3*r**2 - r + 6. What is the hundreds digit of h(i)?
1
Let j(f) = -f**3 - 2*f**2 - 3*f - 2. Let u be j(-2). Let w be (u/(-3))/(2/(-6)). What is the units digit of (-35)/15*(1 - w)?
7
Let f be -5 + 6/18*87. What is the units digit of 3/((-305)/(-444) + (-16)/f)?
8
Suppose 4*r - 737 = 2*q + 901, 0 = 3*q - 15. What is the units digit of r?
2
Let q = 2 + -16. Let x = -276 - -221. Let z = q - x. What is the units digit of z?
1
Suppose 950 = 4*w + 3*m - 908, -3*w - 3*m = -1395. What is the tens digit of w?
6
Suppose 1825 = 38*y - 33*y. Suppose 4*d + d - 3*j = y, 2*d - 137 = 3*j. What is the units digit of d?
6
Suppose l - 266 = 3*z, 4*l - 436 = 5*z - 2. Suppose 15*f = 3411 - 1056. Let g = f + z. What is the units digit of g?
7
Suppose 0 = 19*h - 641 + 242. Suppose 5*u + 4*k + k - 5 = 0, 0 = -u - 5*k - 3. Suppose -a + h = u*a. What is the units digit of a?
7
Suppose -s - 4 = s. Let t be 88/48 - s/12. Suppose 3*v + v - t*h = 16, 0 = 2*v - 3*h - 4. What is the units digit of v?
5
Suppose -26*p + 29*p + 3 = 0. Let u be 1/(-5) + (-48)/(-15). What is the units digit of (-18)/(p + u/(-6))?
2
Suppose 13*f = 5*f - 48. Suppose 3*y + 2*b = -3*b + 12, 0 = -y + 5*b - 16. Let s = y - f. What is the units digit of s?
5
Suppose 5*a + 94 = 4*f + 15, -3*a - 73 = -4*f. Let z = -25 + f. What is the tens digit of 3*((-114)/z + 4)?
5
Let r = -49 + 41. Let i(t) = 0*t - 3 - t - t**2 - 8*t - 3. What is the units digit of i(r)?
2
Let c(w) = w**2 + w + 2. Suppose -a = a. Let q be c(a). Suppose -q*v + 28 = -10. What is the units digit of v?
9
Let d = 357 + 486. What is the tens digit of d?
4
What is the tens digit of 1470/9*(-18)/(-5)?
8
Let b = 6 + -1. Let g(f) = -5*f**2 + 4*f**2 + 4*f + 3*f**2 - f**2 + b. What is the units digit of g(-2)?
1
Let s(j) = -3*j - 33. Let n(o) = -o - 8. Let b(l) = 9*n(l) - 2*s(l). Let k be b(-4). Suppose 3*r + 2 = 3*u - 79, -k = -3*r. What is the tens digit of u?
2
What is the tens digit of 3*(-9691)/(121/(-11))?
4
Let m(l) = -30*l - 27*l - 25*l + 2 + 84*l. What is the tens digit of m(9)?
2
Let l(w) = 2*w**3 + 3*w - 6. Let d be l(2). Suppose -17*k + d*k = -86. What is the tens digit of k?
8
Let g(t) = -3*t**3 - 6*t**2 - 10*t - 37. What is the tens